hen 3199 is divided by n?
99
Let m = 133581 - 133542. Let z = -12 - -20. What is the remainder when m is divided by z?
7
Suppose 2746 = 2*s + 4*q, 3*q + 4 = 13. What is the remainder when s is divided by 196?
191
Let m(d) = -d + 39. Let o(z) = -3*z**3 - 2*z**2 - 4*z + 2. Let x be o(-2). Calculate the remainder when 691/9 - 2/(-9) is divided by m(x).
12
Let z(l) = -13*l**3 + 1362*l**2 + 319*l - 399. Let b(s) = 18*s**2 + 8*s - 4. What is the remainder when b(6) is divided by z(105)?
20
Let s(q) = 34 + 3*q - 3*q - 31 - 25 + 4*q. Calculate the remainder when 89 is divided by s(9).
5
Calculate the remainder when ((-4)/(-3))/1*(6165/12 - 24) is divided by 168.
149
Calculate the remainder when 22 - 15 - (-5 + (-559 - 5)) is divided by 118.
104
Let j = -38 + 14. Let u be 261/(-10) - 8/(-80). Let x = j - u. Calculate the remainder when 4 is divided by x.
0
Suppose 4*b = 5*m - 62, 2*m + b - 16 = m. Suppose 92 = 6*h + m. Suppose -h*z + 5*z + 48 = 0. What is the remainder when 29 is divided by z?
5
Suppose 0 = -4*r - 5*o + 198, o - 23 - 26 = -r. What is the remainder when r is divided by (-114)/(-5) - 162/(-135)?
23
Suppose 625 = 3*l + 103. Suppose -l = -26*s + 1854. Calculate the remainder when s is divided by 35.
8
Let w(a) = 2*a**3 - 249*a**2 + 132*a - 302. Calculate the remainder when w(124) is divided by 11.
8
Let r = -12 - -19. Suppose 0*h + 21 = -r*h. Calculate the remainder when 80 is divided by -20*(1 + h - 0) - -1.
39
Suppose -4*h - 3*v = h - 118, -5*h = v - 116. Let u = -8971 - -9085. Calculate the remainder when u is divided by h.
22
Suppose 0 = 5*y - 20, 0 = -11*m + 13*m - 2*y - 4952. What is the remainder when m is divided by 38?
10
Suppose -v + 2*v - 114 = 4*d, 5*v - 4*d - 602 = 0. Suppose 265*l + 3410 = -329*l + 649*l. What is the remainder when v is divided by l?
60
Let t = -41021 + 41049. Calculate the remainder when 169 is divided by t.
1
Let z = -33371 - -44760. Calculate the remainder when z is divided by 308.
301
Let r be (-165)/(-25) - 15/25. Let t(h) = 19*h - 103. What is the remainder when t(r) is divided by 8?
3
Suppose -396 = 5*v - 4*v. Let h = 415 + v. What is the remainder when 56 is divided by h?
18
Let m = 7998 - 7856. Let v be 309/3 + 0 + 0. Suppose 4*o + 7 = v. Calculate the remainder when m is divided by o.
22
Let d be -5 + 10 - (-6)/(-2). Suppose -8*r = -d*r - 18. Suppose b = 4*b - 2*u - 94, -r*u = 15. Calculate the remainder when b is divided by 16.
12
Let n(b) = b**2 + 2*b - 2. Let v be n(4). Calculate the remainder when ((-2)/6 + 0/(-33))*159/(-1) is divided by v/8*(-8)/(-2).
9
Let k = -3093 + 3302. Calculate the remainder when k is divided by 202.
7
Suppose -9*x - 19*x + 14*x + 490 = 0. Calculate the remainder when x is divided by 6.
5
Suppose -q - w + 480 = 266, 0 = q + 4*w - 235. Calculate the remainder when q is divided by 147.
60
Let l(r) = r**3 + 50*r**2 + 136*r + 110. What is the remainder when l(-47) is divided by 78?
33
Let z(b) = 185*b + 1. Suppose -150*x = -156*x + 144. Let c = x + -3. Calculate the remainder when z(1) is divided by c.
18
Let z be 52/(-14) + 2/(-7). Let w be 216/42*(-63)/(-18). Calculate the remainder when 61 is divided by (w/z)/(21/(-42)).
7
Suppose w = -5, -3*z + 4*w + 96 + 68 = 0. What is the remainder when 1624 is divided by z?
40
Let v = 10326 - 9994. Calculate the remainder when v is divided by 288.
44
Let w(s) = 9*s**2 + 18*s + 77. Let v(y) = 11*y**2 + 18*y + 76. Let t(b) = -5*v(b) + 6*w(b). Calculate the remainder when 83 is divided by t(20).
41
Let o(w) = 2*w**2 - 5*w - 96. What is the remainder when 1184 is divided by o(9)?
8
Let b = -11 - -30. Let h = -243242 + 243245. What is the remainder when b is divided by h?
1
What is the remainder when 158 is divided by ((-9)/(-15))/((-17)/4165*-7)?
11
Let x be 1352/20 + (-2)/(-5). Let y = x + -29. What is the remainder when ((-3)/9 - 1 - -2) + 346/3 is divided by y?
38
Let s = -13895 + 13923. Calculate the remainder when 2266 is divided by s.
26
Let v(b) = -b + 82. Let s be v(19). Let z = s - 44. Calculate the remainder when 55 is divided by z.
17
Let k(w) = 31*w**3 + 3*w**2 - 17*w - 2. What is the remainder when 231 is divided by k(2)?
7
Suppose -61 = -a - 58. Suppose 0 = a*w - 2*h - 53, -29*w - 3*h + 44 = -27*w. What is the remainder when w is divided by 7?
5
Suppose 29*d + 2*d + 11*d - 854196 = 0. Calculate the remainder when d is divided by 113.
111
Let a(j) = 7*j**2 + 4. Suppose 16 = 2*u + m, 2*m + 10 = 13*u - 11*u. What is the remainder when a(3) is divided by u*((-60)/24 + 7/2)?
4
Let m(u) = -7*u - 43. Suppose 37*v - 24*v + 143 = 0. What is the remainder when m(v) is divided by 12?
10
Let y(k) = -k**2 - 13*k + 11. Let v be y(-15). Let m(i) = i**2 + 18*i + 17. Let c = 57 - 47. What is the remainder when m(v) is divided by c?
6
Let i(k) = -30*k**2 - 760*k + 208. Calculate the remainder when i(-24) is divided by 199.
173
Suppose -11*j + 394 = -662. Suppose 387*b = 399*b - j. Suppose 4*t - w - 2*w - 8 = 0, -3*t + 4*w = -6. Calculate the remainder when b is divided by t.
0
Let c = 56 + -54. Let v(t) = 2*t**2 - 2*t - 1. Let m be v(c). Suppose m*g = 5*g - 68. Calculate the remainder when g is divided by 18.
16
Let s(f) = -f**3 + f**2 + f - 2. Let p(m) = 4*m**3 - 33*m**2 + 24*m + 33. Let l(g) = p(g) + 5*s(g). What is the remainder when 90 is divided by l(-29)?
21
Let a(p) = 2*p**2 - 7*p - 2. Let i be a(-5). Suppose i = 2*z + m, 4*z + 5*m + 21 = 190. Calculate the remainder when 74 is divided by z.
33
Let s be (40/14)/(30/735). Suppose s*c = 67*c + 18. Suppose 0 = -c*m + 9*m - 39. Calculate the remainder when 153 is divided by m.
10
Suppose 4*z + 17 - 105 = 0. Suppose 12*f + 10 = 10*f. What is the remainder when 38 + (f - -6)/1 is divided by z?
17
Let i = -308 - -319. Suppose 0 = -p - 5, d + 2*p - 60 = -3*p. What is the remainder when d is divided by i?
8
Suppose -242*k + 1025 - 93 = -238*k. Calculate the remainder when k is divided by 47.
45
Let y(b) = -226*b - 591. Calculate the remainder when y(-3) is divided by 63.
24
Let n = -25 + 35. Suppose 744*o = 1314 + 918. Calculate the remainder when n is divided by o.
1
Suppose s - 1 = 18. Suppose -4*r = -5*c - 57, -s = 4*c + 1. What is the remainder when (-91)/(-35) + -3 + (-304)/(-10) is divided by r?
6
Suppose -6*d = 5*d - 44. Suppose 2*x + 5*s - 19 = 0, 8 + 3 = d*x + s. Suppose 9*c = x*c + 896. What is the remainder when c is divided by 10?
8
Suppose 7*b = 3*q + 3*b - 4, 3*q + 3 = -3*b. Let p(z) = -3*z + 559 - 574 + q*z. Calculate the remainder when 11 is divided by p(-6).
2
Suppose -51 = -d + 10. Let j = 66560 - 66544. Calculate the remainder when d is divided by j.
13
Let r = 447 - 75. Let d = r + -327. What is the remainder when 110 is divided by d?
20
Calculate the remainder when (-20)/9 + ((-112)/(-63))/8 - -65 is divided by 16.
15
Let r(c) = -2*c**3 - 10*c**2 + 7*c - 2. Suppose -10*s - 252 = 248. Let n = 2 - s. Calculate the remainder when n is divided by r(-6).
24
Let m = -343 + 458. Let r = 135 - m. Calculate the remainder when r is divided by 3.
2
Suppose 5*d = 2*w + 303, 3*d - 23*w - 169 = -25*w. Let p = 115 - 167. Let g = p + d. What is the remainder when 13 is divided by g?
6
Suppose -4*b = -o + 52 + 397, 4*o + 4*b = 1756. Calculate the remainder when o is divided by 160.
121
Let y be 2/(-1) - ((-1035)/23)/(-15). Let u = 39 - 22. Let f = u - y. What is the remainder when 128 is divided by f?
18
Suppose 4*k - 286 = 3*z, -7*k - 26*z + 28*z + 507 = 0. What is the remainder when 446 is divided by k?
8
Let o be 3*1/3 - 156/6. Let s = 128 + o. Calculate the remainder when s + (-168)/(-98) + 2/7 is divided by 36.
33
What is the remainder when 632 is divided by 93 + -18 + 0/5 + -9?
38
Let f(j) = -j**3 - 13*j**2 - 14*j + 14. Let a(y) = y**3 - 2*y**2 + 2*y + 1. Let l be a(-3). Let o = l + 238. What is the remainder when o is divided by f(-12)?
36
Let w = 2095 + -2044. Calculate the remainder when 353 is divided by w.
47
Suppose -84*j + 78 = -71*j. Calculate the remainder when 12 is divided by j.
0
Suppose 0 = 5*k - 70 - 5. What is the remainder when k is divided by (-1 + 0)/(2/(-14))?
1
Let k = -59 + -40. Let m = k - -389. What is the remainder when m is divided by 49?
45
Suppose -3*s - 12 + 125 = 2*b, 167 = 3*b + 5*s. Let k = -246 - -1107. Suppose 6*q + 777 = k. Calculate the remain